- 90808. Is h prime?
True
Let u(o) = 34*o - 13. Suppose 8*l + 6 = 9*l. Is u(l) prime?
True
Suppose 2*h + 0*r = 2*r - 24, -8 = -h - 3*r. Is 90 + h - (-3 - (2 + -1)) a prime number?
False
Let l(v) = -9*v - 1. Let j(z) = -3*z**2 + 7*z + 1. Let h(n) = n + 1. Let y(a) = -3*h(a) + j(a). Let c be y(2). Is l(c) a prime number?
True
Let r = 3809 + -977. Is (r/20)/4*5 composite?
True
Suppose 78 = 6*m - 24. Suppose 4*s - 3 = m. Suppose 0*r - 370 = -s*r. Is r a prime number?
False
Suppose -o + 2199 = -3*h - 743, -5*h + 8756 = 3*o. Is o composite?
False
Let z = -16300 + 122787. Is z a prime number?
True
Let g be 0/4 + -1 - -4. Suppose 0 = g*l - 2*l - 377. Let d = -166 + l. Is d a composite number?
False
Suppose 5*u - 37779 = 4*c, 0 = 2*u + 4*c - 8116 - 6990. Is u prime?
False
Is 772*-2*25/(-5) - -3 a composite number?
False
Let q be -2 - -3921 - (-5 + (-2)/(-1)). Suppose -14*j = -16*j + q. Is j a composite number?
True
Suppose 217*r - 8866 = 195*r. Is r composite?
True
Suppose -4*w + 3*w = -3. Suppose -w*g - 7*g = -4270. Is g a prime number?
False
Suppose 0 = 6*o - 18617 - 12673. Suppose 9*a - 16*a + o = 0. Is a composite?
True
Let b(y) = 494*y + 357. Is b(10) composite?
False
Suppose -4629 = -62*o + 59*o. Is o a composite number?
False
Let s = 20 - 18. Suppose 3*d + 68 - 14 = p, 0 = -s*p - 2*d + 108. Suppose z = -a + p, -a - 5*z = a - 93. Is a a prime number?
True
Let i(g) = -g**3 - 9*g**2 + 12*g + 11. Let f be i(-10). Let h = f - -11. Is 3 - (h + -2 - 16) prime?
True
Suppose 5*a = 2*z - 10 + 1, -3 = -2*z - a. Suppose z*t = -6, -5*u + 1170 = -2*u - t. Is u a prime number?
True
Let q = -2267 + 3310. Is q a prime number?
False
Let g = -936 + 10189. Is g a prime number?
False
Let r = 98 + 47. Let k = 476 - r. Is k a composite number?
False
Suppose 9 + 0 = -3*o, 3*o + 4733 = 4*j. Let t = j + -228. Is t a composite number?
False
Let z(i) = 1775*i - 12. Let s be z(3). Suppose -7*d + 17920 = s. Is d prime?
True
Let w be (-3*2*1)/(6/(-116)). Suppose -2*h + w = -102. Is h a prime number?
True
Suppose -172564 = 14*v - 42*v. Is v a prime number?
True
Let n be ((-3534)/9)/(3/(-18)*4). Suppose -n = -a - 2*l - 2*l, -5*a + 2945 = 5*l. Is a prime?
False
Is 7666*1/(-6)*-3 a composite number?
False
Let d = 1939 - -114. Is d a composite number?
False
Let f(l) = 0 + 11*l + 6*l**2 - 5*l**2 - 2. Let g be f(-9). Let o = 183 - g. Is o a prime number?
False
Let t(f) = -f - 5. Let j be t(-7). Is (-6 - 73)/(j/(-14)) a prime number?
False
Suppose -10*x - 3*x = -59111. Is x a composite number?
False
Let b be -5 - 1*-4*4187. Suppose 0*h - 3*h = -b. Is h composite?
False
Let c = -5 + 4. Let a be (-2 - c)*3*-109. Suppose r + v = 87, 0 = 3*r - 2*v - a + 71. Is r composite?
True
Suppose 2*k - 7*k = -50. Suppose w = -2 - 2, -k = f + 4*w. Is (-2278)/(-6) + (-4)/f a prime number?
True
Let o be 2/(-6) - 34/(-3). Suppose 0 = 2*q - o + 7. Is ((-1)/q)/(5/(-2930)) composite?
False
Let b = 1 + 1. Let a(w) = w**2 + 3 + 5*w + b + 0 - 4. Is a(7) a prime number?
False
Suppose -2 = -4*p + 2*b, -b + 3 = -5*p + 1. Let r be -2*(p - -2) - -4. Suppose -r*y + 8 = 2, 5*y - 386 = -o. Is o composite?
True
Suppose 4*y = -t + 23734, 4*y + 4*t - 10452 = 13288. Is y composite?
True
Let d(y) = -y**3 - 4*y**2 + y - 3. Let g be d(-4). Let j(m) = 3*m**2 + 5*m - 17. Let x be j(g). Suppose i - x = 66. Is i prime?
False
Let y(w) = 97*w**3 + w**2 + w + 2. Let c(f) = f**3 - f. Let o(r) = c(r) - y(r). Suppose 9 = 45*u - 54*u. Is o(u) prime?
False
Suppose -87376 = -13*u + 217045. Is u a prime number?
True
Let d(m) = m**2 - 4*m. Let f be d(4). Suppose w + 5*i - 3061 = f, 3*w - 9183 = 2*i - 7*i. Is w a prime number?
True
Let h(x) = 180*x**3 - x**2 - 7*x + 5. Is h(1) a prime number?
False
Let j(y) = -4*y**3 - 8*y**2 - 3*y - 2. Let h be j(-5). Suppose 4*l - 31 = h. Is (l/3)/((-4)/(-30)) composite?
True
Let d(a) = a**2 + 41*a - 241. Is d(40) composite?
False
Let p be 24*(924/8)/1. Is -1 + p - (-8)/4 a prime number?
False
Is (-65870)/((-50)/(-5))*6/(-21) prime?
False
Suppose -5*y + 220047 = 86702. Is y a prime number?
True
Suppose -28*y + 11*y + 1079381 = 0. Is y composite?
False
Suppose 2*r + 10 = 24. Suppose 0 = -r*g + g + 402. Is g composite?
False
Let z(l) = 11*l**3 - l**2 + 3*l - 4. Suppose 3*j + 3*h - 8 = 1, 2*j - 4*h + 12 = 0. Suppose d - 6 + 3 = j. Is z(d) a prime number?
True
Let v = 84 + 69. Let g = v + -70. Is g a prime number?
True
Let j = -7 + 8. Let r = -1 + j. Let s(a) = a**3 + a + 53. Is s(r) composite?
False
Suppose 5*t + 3 + 7 = 0. Let d(f) be the second derivative of -13*f**3/2 - f**2/2 + 6*f. Is d(t) a prime number?
False
Let g be -1*(1519 + (-2 - -4)). Let h = g + 5586. Suppose 1307 - h = -7*f. Is f a composite number?
True
Suppose -3*g - g + 84 = 0. Let b = g + -13. Let h(v) = v**3 - 4*v - 11. Is h(b) prime?
False
Let t = 23 - 23. Suppose -8*x + 3*x + 6125 = t. Let q = x + -752. Is q prime?
False
Let i = 28 + -37. Is ((i - -4) + 10)*967 a composite number?
True
Suppose 1917*v - 1909*v - 146296 = 0. Is v prime?
True
Suppose -n - 2*z - 3 = 0, 5*z - 4 = -n + 2. Is (-5)/(15/3086)*n/6 composite?
False
Suppose 2*h + 3*i - 2411 = 0, h + 2*i + 94 = 1299. Is h a prime number?
False
Let x = 12 + -6. Suppose 3*r - x*r + 3399 = 0. Is r a prime number?
False
Let d = -3391 + -7785. Is ((-4)/2)/(16/d) a prime number?
False
Let q(a) = 2*a**2 + 1. Let v be q(-4). Suppose -3*k + 4*f = -424, f - v = -2*k + 268. Suppose -3*n = -7*n + k. Is n a composite number?
False
Let b = 19847 - 12673. Suppose -2920 = 3*z - b. Is z a composite number?
True
Suppose -194 + 204 = 2*o. Let m(d) = -d**3 + 8*d**2 - 12*d + 6. Is m(o) a composite number?
True
Suppose -79573 = -82*p + 69*p. Is p a prime number?
True
Suppose -13*z - 4552 = -9*z. Let d = -383 - z. Is d a composite number?
True
Let a = -1233 + 1934. Let r = 1516 - a. Suppose 5*g = -40 + r. Is g a prime number?
False
Let x(c) = c**2 - c + 10. Let z be x(-5). Suppose -1565 = -5*p + z. Is p composite?
True
Suppose 0 = -3*o + 2*u + 7, 3*u = -2*o - 2*o + 32. Suppose 2*r = -3*h + 25, 3*r + o = 5*h - r. Let q(d) = 2*d**3 - 6*d**2 - 3*d + 4. Is q(h) a prime number?
True
Let x be (10/5)/(-2) - -4. Suppose -5*l + 40 = 5*g, -g - 4 = -x*l + g. Suppose l*u - 3*q + 8*q = 5275, 6590 = 5*u + 5*q. Is u a prime number?
False
Suppose 0*f + 12 = 4*z + 2*f, -12 = -4*z + 4*f. Let q be -162*(z - 0) - 0. Is 2 - 1 - q/1 composite?
False
Let j be 1 - (0 + 12)/(-4). Suppose j*g = -1015 + 2719. Suppose 2*u + i - g = 5*i, 3*u - 624 = 3*i. Is u composite?
True
Suppose 46*t + 5*h = 47*t - 3922, -4*t = -3*h - 15637. Is t a prime number?
True
Suppose -3*w + 25424 = 4*z, 6*w - 12702 = -2*z + 7*w. Is z a composite number?
False
Suppose 0 = 3*s - 6, 0 = 4*b + 4*s + 5 - 17. Is (3126/(-12))/(b/(-2)) prime?
True
Suppose 0 = 2*l - 6, l + 25763 + 40215 = u. Is u a prime number?
True
Suppose -6*b + 6728 = 2*b. Is b prime?
False
Suppose 0 = 2*o + d + 436, -o = o + 5*d + 428. Let c = 332 - 468. Let a = c - o. Is a a composite number?
False
Suppose j - 7 = -4*p - 4*j, 0 = 2*p - 4*j - 10. Suppose p*b - 1190 = b - 4*y, -y - 1757 = -3*b. Is b a composite number?
False
Let z be (-2 - (-6 - -2))/2. Is (0 + z)/(20/680) a composite number?
True
Let r(q) = 20005*q**2 - 9*q - 3. Is r(-1) composite?
False
Let u be 1 - (-9)/((-27)/(-7734)). Suppose -4003 = -5*n + 4*r + 282, 3*n - 4*r - u = 0. Is n a composite number?
False
Let h(o) = -1395*o + 89. Is h(-4) a prime number?
True
Let n be -2*1 + 0 + 0/(-2). Let w(j) = -92*j + 21. Is w(n) a composite number?
True
Let x(t) = 41*t**2 - 1. Suppose 5*a - 72 = -4*c, -2*a - 2*a + c = -45. Let z be x(a). Suppose -d = -4*q + z, 4*q - d = 2*d + 5893. Is q a prime number?
False
Is 8/(56/10563) + 4 composite?
True
Let j(m) = 39*m**2 + 7*m + 10. Let b be j(7). Let a(f) = 150*f + 3. Let v be a(-9). Let s = b + v. Is s prime?
False
Let s = -1379 + 5428. Is s a prime number?
True
Suppose -6*q - 10 + 4 = 0. Let m(p) = 3269*p**2 - 4*p - 2. Is m(q) prime?
True
Is (-99)/264 + (-11158)/(-16) composite?
True
Suppose -1 = -3*r + 11. Suppose 5*y = -r*v - 92, 2*v + v + 34 = -2*y. Let c = y - -75. Is c composite?
True
Let a(r) be the third derivative of -r**8/6720 + r**7/360 - r**5/120 + r**4/4 - 5*r**2. Let v(z) be the second derivative of a(z). Is v(5) a prime number?
False
Let a(l) = -l + 19. Let h be a(19). Supp